t q = 59 - 22. Let p = 63 - 41. Let k = p + -9. Calculate the remainder when q is divided by k.
11
Suppose x - 16 = 7. Suppose 5*b + 10 = 0, 169 = 5*d + 5*b - 51. Let a = d + -2. What is the remainder when a is divided by x?
21
Suppose 3*f - 20 = -2*f. Let r = f + -10. Let x(q) = -3*q - 5. What is the remainder when 38 is divided by x(r)?
12
What is the remainder when 82 is divided by 1 + -5 - ((1 - -2) + -21)?
12
Suppose 3*a + 5*t - 56 = 0, 118 = -2*a + 7*a - 4*t. Calculate the remainder when 64 is divided by a.
20
Suppose 4*f - 3*f - 2 = 5*o, -3*o + 4 = 2*f. Let v = f - -7. Calculate the remainder when 26 is divided by v.
8
Let z be -15 + (0/(-4) - 3). Let j = z - -28. What is the remainder when 27 is divided by j?
7
Suppose 3*n - 26 = -4*c, -78 = -5*n - 3*c + 5*c. Calculate the remainder when n is divided by 5.
4
Let k = 104 + -78. What is the remainder when k is divided by 15?
11
Suppose 2*n - 33 = 57. Calculate the remainder when n is divided by 16.
13
Suppose -23 - 11 = -2*s. Let v(c) = 7*c + 5. Let a = 1 - -3. Calculate the remainder when v(a) is divided by s.
16
Let g(w) = -168*w - 3. What is the remainder when g(-1) is divided by 21?
18
Suppose -3*h - 5*d - 10 = -110, -d = 4*h - 122. Calculate the remainder when h is divided by 12.
6
Let n(r) = -r**2 - 15*r - 2. Calculate the remainder when 35 is divided by n(-14).
11
Let p be 0/(6/2) + -28. Let b be 1/3 + p/(-6). Suppose z - b*z = 0, 3*z = -4*g + 68. Calculate the remainder when 49 is divided by g.
15
Suppose 0 = -6*y + 21 + 21. Let t = 6 + -2. What is the remainder when y is divided by (-2)/t + (-11)/(-2)?
2
Let j be (-4)/14 - (-60)/14. Let i = j + -10. Let o = 9 - i. Calculate the remainder when o is divided by 8.
7
Let n(p) = -2 - 2*p + 2 + 6. What is the remainder when 30 is divided by n(-5)?
14
What is the remainder when 28/3 - (-5 - 64/(-12)) is divided by 5?
4
Let j(r) = r**2 - 6*r + 2 - 7 + r + 1. What is the remainder when 3 is divided by j(6)?
1
Suppose 0 = l - 2*l - o + 17, 0 = -2*o + 10. Calculate the remainder when 81 is divided by l.
9
Suppose 3 = -3*i, -4*j = -7*j - i + 11. Calculate the remainder when 33 is divided by 17*(-2 + (j - 1)).
16
Suppose 16 = 5*z + 1. Suppose 5*w + 5*m - 10 = 0, -z*w + 0 + 34 = -4*m. What is the remainder when 16 is divided by w?
4
Let h = -2 - -35. Suppose -3*v + 14 = m, -3*m + 2*m = 5*v - 20. Calculate the remainder when h is divided by 25/v - (-4)/6.
6
Suppose 0 = -t - t + 6. Let a = t + 1. Calculate the remainder when 14 is divided by a.
2
What is the remainder when (-4)/((-12)/9) - -10 is divided by 9?
4
Let s(v) = v**2 - v - 6. Let i be s(5). Suppose i = 5*p - 6. What is the remainder when 7 is divided by p?
3
Let l be 14/6 - 1/3. Let p be 0/(-7) + (-2)/(-2). What is the remainder when p/l*(64 - 0) is divided by 17?
15
Let i(u) = 11*u**2 + u + 1. Let b be (-118)/(-6) - (-1)/3. Suppose 4*m - b = 3*m. Calculate the remainder when m is divided by i(-1).
9
Let b(p) = -3*p + 5. Let l(j) = 2*j + 1. Let t be l(2). Let r be b(t). What is the remainder when 5 is divided by (-22)/r - 1/5?
1
Suppose -l - 3*s + 11 + 0 = 0, -4*s = -3*l + 59. Calculate the remainder when 31 + 0 + 2 + -2 is divided by l.
14
Suppose 2*l + 3*m + 7 - 32 = 0, 3*l + 3*m - 42 = 0. What is the remainder when 117 is divided by l?
15
Suppose 0 = 4*c + 20, 6*c - 3*c = -i - 4. What is the remainder when 32 is divided by i?
10
Calculate the remainder when 3*(5 - 4) + 46/1 is divided by 10.
9
Suppose 2*a = -h + 4, 0*h - 10 = -h - 5*a. Suppose -3*o - s = 2*s + 3, -4*o - 2*s + 2 = h. What is the remainder when 4 is divided by 3 + (-2 + 2)/o?
1
Suppose 0 = -4*n - 2*y + 66, 5*n + 7 = 4*y + 96. What is the remainder when 30 is divided by n?
13
Suppose 4*h - 2*c - 3 = 15, 5*h - 25 = 3*c. Calculate the remainder when 7 is divided by h.
1
Suppose a - 40 = -2*w + 5, w + 189 = 4*a. Let t = -30 + 5. Let l = a + t. What is the remainder when l is divided by 12?
10
Let r = 9 - 8. Let i = 4 - r. Calculate the remainder when 4 is divided by i.
1
Let i = 43 - 13. Calculate the remainder when (-454)/(-10) + i/(-75) is divided by 23.
22
Let r = 123 - 88. What is the remainder when 4 is divided by (-3)/5 - (-126)/r?
1
Suppose 4*c - 5 = -l, 3*l - 9 + 2 = -4*c. Suppose 3*j - 25 = h, -j - 2*h + c = -12. What is the remainder when j is divided by 6?
3
Let n = -23 + 24. Let i be (2 - (-10)/(-4))*0. Suppose i = -2*a + 2 + 4. Calculate the remainder when a is divided by n.
0
Suppose -10 = -4*s + s + 2*i, s + 3*i = -15. Let b(y) = y + s - 2 + 4. Calculate the remainder when b(7) is divided by 5.
4
Let y = 9 + 12. Calculate the remainder when 41 is divided by y.
20
Let m = 27 - -26. What is the remainder when m is divided by 27?
26
Let h = 21 + -4. What is the remainder when h is divided by 7?
3
Let o(l) = -l**2 - 2*l + 1. Let m be o(-2). Let u = 1 + m. What is the remainder when 0 - -52 - (-3 + u) is divided by 18?
17
Let k(a) = 12*a**2 - 2*a - 1. What is the remainder when (1/(-2))/(3/(-210)) is divided by k(-1)?
9
Calculate the remainder when (-2 - (-168)/(-4))/(0 - 2) is divided by 14.
8
Let j be (-3434)/(-12) + 2/(-12). Suppose 4*m - w - 298 = 0, -3*m + j = m + 5*w. Calculate the remainder when m is divided by 19.
17
Suppose -4 = -2*r - 2. Let q be -1 + 0/(-3) + -9. Let w = q + 11. Calculate the remainder when w is divided by r.
0
Suppose 14 = 5*b - 1. Suppose -6*g = -3*g + b, 0 = 5*j - 4*g - 29. Calculate the remainder when 19 is divided by j.
4
Let o(f) = f**3 - 5*f**2 - 4*f + 1. Let s be o(6). Let t = -1 + s. What is the remainder when (-69)/(-2)*(-4)/(-6) is divided by t?
11
Suppose 2*p - 3 = 3*p. Let l = 3 + p. Suppose 3*m = 5*u + 2, 2*u - 3*m - 2*m + 16 = l. What is the remainder when 4 is divided by u?
0
Let k(d) = d**2 + 4*d + 21. Calculate the remainder when k(-6) is divided by 7.
5
Suppose 2*a + 36 = -2*q - 2*q, a + 3*q + 20 = 0. Let i = a + 26. What is the remainder when 21 is divided by i?
9
What is the remainder when 53 is divided by 11/((-11)/(-30)) - 2/1?
25
Let t be ((-2)/(-4))/(-1)*-54. Let y(k) = -5*k**3 + k**2 - k + 2. Let p be y(-2). Let g = p - t. Calculate the remainder when g is divided by 11.
10
Let t = 102 + -86. What is the remainder when 28 is divided by t?
12
Suppose 5*f - f - 144 = 0. Calculate the remainder when 71 is divided by f.
35
Let m(x) = -2*x + 37. What is the remainder when m(11) is divided by 8?
7
Let r = -22 - 0. Let a = r - -35. Calculate the remainder when a is divided by 5.
3
Suppose -g - 4*g + 3*m + 178 = 0, -26 = -g + 3*m. What is the remainder when g is divided by 4?
2
Let h(a) = -a**3 + 6*a**2 - 4*a - 1. Let x be h(5). What is the remainder when 0/x - (-1 + -37) is divided by (-568)/(-28) + (-6)/21?
18
Suppose 2*n = -3*g + 92, 2*g + n - 53 = -2*n. Calculate the remainder when g is divided by 2/3 + (-102)/(-9).
10
Let h(x) be the second derivative of x**5/20 + 7*x**4/6 - 8*x**3/3 + 3*x**2 + 3*x. Calculate the remainder when h(-15) is divided by 8.
5
Suppose 23*s - 315 = 18*s. Suppose -s = -3*d + 2*d. Calculate the remainder when d is divided by 16.
15
Suppose 4*m + 4*g - 164 = -g, 0 = -2*g. Calculate the remainder when m is divided by -1 - -21 - (-2 - 0).
19
Suppose -2 = 2*m, -5*d + 102 + 519 = -m. What is the remainder when d is divided by 32?
28
Let i = 167 - 23. What is the remainder when i is divided by 29?
28
Let j(x) = 24*x - 9. Calculate the remainder when j(3) is divided by 22.
19
Let f(t) = -t**3 - 7*t**2 - 8*t - 9. Let z be f(-6). Suppose 2*l + 4*d = 96 - 22, -z*l + 99 = 3*d. What is the remainder when l is divided by 10?
9
Let i be (4/5)/(12/840). Suppose 2*w + y = 87, 0*w + w - 2*y - i = 0. Let o(g) = g**2 + 16. Calculate the remainder when w is divided by o(0).
14
Suppose 0 = -2*l - 4*c + 14, -15 = 4*l - 5*c - 4. Let r(x) = 42*x + 21*x + 40*x - 39*x. Calculate the remainder when r(l) is divided by 22.
20
Let v be (4/(-3))/((-2)/6). Let q(g) = g**3 - 3*g - g + 5 + 2 - 2*g**2 - 2. Calculate the remainder when 62 is divided by q(v).
20
Suppose 5 = x - 19. What is the remainder when 42 is divided by x?
18
Suppose 23 = 2*b - 23. What is the remainder when b is divided by 12?
11
Suppose 0 = -2*a - 2*j + 20, -2*j - 37 - 3 = -4*a. Suppose 9 = -6*k + 9*k. Suppose -4 = 2*l - k*l. Calculate the remainder when a is divided by l.
2
Suppose 4*k = 7*k -